{"id":8169,"date":"2026-05-01T09:46:36","date_gmt":"2026-05-01T07:46:36","guid":{"rendered":"https:\/\/www.kunstbuero-bw.de\/de\/?post_type=call&#038;p=8169"},"modified":"2026-05-30T18:00:50","modified_gmt":"2026-05-30T16:00:50","slug":"emslaendische-landschaften-arbeitsstipendium-grenze","status":"publish","type":"call","link":"https:\/\/www.kunstbuero-bw.de\/de\/call\/emslaendische-landschaften-arbeitsstipendium-grenze\/","title":{"rendered":"EMSL\u00c4NDISCHE LANDSCHAFTEN &#8211; ARBEITSSTIPENDIUM \u201cGRENZE\u201d"},"content":{"rendered":"\n<div class=\"wp-block-columns is-layout-flex wp-container-core-columns-is-layout-1250aeed wp-block-columns-is-layout-flex\">\n<div class=\"wp-block-column is-layout-flow wp-block-column-is-layout-flow\" style=\"flex-basis:66.66%\">\n<p class=\"wp-block-paragraph\">Die Emsl\u00e4ndische Landschaft e. V. f\u00fcr die Landkreise Emsland und Grafschaft Bentheim vergibt im Jahr 2027 zum zehnten Mal ein Arbeitstipendium f\u00fcr bildende K\u00fcnstlerinnen und K\u00fcnstler. Unter dem Titel \u201eWendepunkte an der Grenze \u2013 Wandel des Zusammenlebens von Deutschen und Niederl\u00e4ndern\u201c widmet sich die Emsl\u00e4ndische Landschaft e. V. ab dem Jahr 2027 diesem Thema in verschiedenen, auch grenz\u00fcbergreifenden Projekten. Das Stipendium l\u00e4dt dazu ein, sich k\u00fcnstlerisch mit Fragen rund um Grenzen, insbesondere in der Region Emsland und Grafschaft Bentheim, auseinanderzusetzen \u2013 etwa zu historischen Entwicklungen, kulturellen Einfl\u00fcssen, sichtbaren und unsichtbaren Grenzen sowie deren Bedeutung in einer globalisierten Welt. Die Bereitschaft zu einer Arbeitsphase vor Ort und die Auseinandersetzung mit der Region. Vorgesehen ist eine insgesamt dreimonatige Arbeitsphase, die frei eingeteilt, auch in Form von Kurzaufenthalten in der Zeit zwischen dem 01.01.2027 und dem 30.06.2027 durchgef\u00fchrt werden kann. Nach Absprache ist es m\u00f6glich, den dreimonatigen Zeitraum ganz oder teilweise auch vor Ort zu verbringen. Die Ergebnisse des Arbeitsstipendiums sollen im Herbst 2027 in Form einer Ausstellung in der Kunsthalle Lingen (www.kunsthallelingen.de) vorgestellt werden.<\/p>\n\n\n\n<p class=\"wp-block-paragraph\">Bewerben k\u00f6nnen sich professionelle Bildende K\u00fcnstlerinnen und K\u00fcnstler (Malerei \/ Grafik, Fotografie, Medienkunst, Performance, Bildhauerei, interdisziplin\u00e4re Formate), die ein fachbezogenes Studium an einer Kunst- bzw. Hochschule erfolgreich abgeschlossen haben. Daneben k\u00f6nnen auch Bewerberinnen und Bewerber z ugelassen werden, die ohneHochschulabschluss aufgrund ihrer besonderen Begabung und k\u00fcnstlerischen Entwicklung herausragende Leistungen erbracht haben. Zugelassen sind Einzelpersonen oder Kollektive. Eine Altersbeschr\u00e4nkung besteht nicht.<\/p>\n\n\n\n<p class=\"wp-block-paragraph\">Das Stipendium ist mit 9.000 EUR dotiert. Dar\u00fcber hinaus steht ein Budget f\u00fcr die Produktion von Ausstellung und Katalog zur Verf\u00fcgung. <\/p>\n\n\n\n<p class=\"wp-block-paragraph\"><strong>Weitere Informationen gibt es unter: <a href=\"https:\/\/www.bbk-bundesverband.de\/fileadmin\/user_upload\/uploads\/ausschreibungen\/k__nstlerstipendium_der_emsl__ndischen_landschaft_e._v._-_ausschreibung.pdf\" data-type=\"link\" data-id=\"https:\/\/www.kuenstlerhaus-edenkoben.de\/stipendien\/anwesenheitsstipendien\" target=\"_blank\" rel=\"noreferrer noopener\">bbk-bundesverband.de<\/a><\/strong><\/p>\n<\/div>\n\n\n\n<div class=\"wp-block-column is-layout-flow wp-block-column-is-layout-flow\" style=\"flex-basis:33.33%\">\n<p class=\"wp-block-paragraph\" style=\"text-transform:uppercase\"><strong>KontaKt<\/strong><\/p>\n\n\n\n<p class=\"wp-block-paragraph\">Gesch\u00e4ftsstelle der<br>Emsl\u00e4ndischen Landschaft e. V.<br>Am Neuen Markt 1<br>49716 Meppen<br>Tel.: 05931 &#8211; 49642 &#8211; 14<br>Mail: <a href=\"mailto:info@emslaendische-landschaft.de\" target=\"_blank\" rel=\"noreferrer noopener\">info(at)emslaendische-landschaft.de<\/a><\/p>\n\n\n\n<p class=\"wp-block-paragraph\"><strong>Deadline: 31. Juli 2026<\/strong><\/p>\n<\/div>\n<\/div>\n\n\n\n<p class=\"wp-block-paragraph\"><\/p>\n","protected":false},"featured_media":3345,"template":"","tags":[31],"class_list":["post-8169","call","type-call","status-publish","has-post-thumbnail","hentry","tag-stipendien"],"acf":[],"_links":{"self":[{"href":"https:\/\/www.kunstbuero-bw.de\/de\/wp-json\/wp\/v2\/call\/8169","targetHints":{"allow":["GET"]}}],"collection":[{"href":"https:\/\/www.kunstbuero-bw.de\/de\/wp-json\/wp\/v2\/call"}],"about":[{"href":"https:\/\/www.kunstbuero-bw.de\/de\/wp-json\/wp\/v2\/types\/call"}],"wp:featuredmedia":[{"embeddable":true,"href":"https:\/\/www.kunstbuero-bw.de\/de\/wp-json\/wp\/v2\/media\/3345"}],"wp:attachment":[{"href":"https:\/\/www.kunstbuero-bw.de\/de\/wp-json\/wp\/v2\/media?parent=8169"}],"wp:term":[{"taxonomy":"post_tag","embeddable":true,"href":"https:\/\/www.kunstbuero-bw.de\/de\/wp-json\/wp\/v2\/tags?post=8169"}],"curies":[{"name":"wp","href":"https:\/\/api.w.org\/{rel}","templated":true}]}}

EMSLÄNDISCHE LANDSCHAFTEN &#8211; ARBEITSSTIPENDIUM “GRENZE”

<div class="wp-block-columns is-layout-flex wp-container-core-columns-is-layout-1250aeed wp-block-columns-is-layout-flex">
<div class="wp-block-column is-layout-flow wp-block-column-is-layout-flow" style="flex-basis:66.66%">
<p class="wp-block-paragraph">Die Emsländische Landschaft e. V. für die Landkreise Emsland und Grafschaft Bentheim vergibt im Jahr 2027 zum zehnten Mal ein Arbeitstipendium für bildende Künstlerinnen und Künstler. Unter dem Titel „Wendepunkte an der Grenze – Wandel des Zusammenlebens von Deutschen und Niederländern“ widmet sich die Emsländische Landschaft e. V. ab dem Jahr 2027 diesem Thema in verschiedenen, auch grenzübergreifenden Projekten. Das Stipendium lädt dazu ein, sich künstlerisch mit Fragen rund um Grenzen, insbesondere in der Region Emsland und Grafschaft Bentheim, auseinanderzusetzen – etwa zu historischen Entwicklungen, kulturellen Einflüssen, sichtbaren und unsichtbaren Grenzen sowie deren Bedeutung in einer globalisierten Welt. Die Bereitschaft zu einer Arbeitsphase vor Ort und die Auseinandersetzung mit der Region. Vorgesehen ist eine insgesamt dreimonatige Arbeitsphase, die frei eingeteilt, auch in Form von Kurzaufenthalten in der Zeit zwischen dem 01.01.2027 und dem 30.06.2027 durchgeführt werden kann. Nach Absprache ist es möglich, den dreimonatigen Zeitraum ganz oder teilweise auch vor Ort zu verbringen. Die Ergebnisse des Arbeitsstipendiums sollen im Herbst 2027 in Form einer Ausstellung in der Kunsthalle Lingen (www.kunsthallelingen.de) vorgestellt werden.</p>



<p class="wp-block-paragraph">Bewerben können sich professionelle Bildende Künstlerinnen und Künstler (Malerei / Grafik, Fotografie, Medienkunst, Performance, Bildhauerei, interdisziplinäre Formate), die ein fachbezogenes Studium an einer Kunst- bzw. Hochschule erfolgreich abgeschlossen haben. Daneben können auch Bewerberinnen und Bewerber z ugelassen werden, die ohneHochschulabschluss aufgrund ihrer besonderen Begabung und künstlerischen Entwicklung herausragende Leistungen erbracht haben. Zugelassen sind Einzelpersonen oder Kollektive. Eine Altersbeschränkung besteht nicht.</p>



<p class="wp-block-paragraph">Das Stipendium ist mit 9.000 EUR dotiert. Darüber hinaus steht ein Budget für die Produktion von Ausstellung und Katalog zur Verfügung. </p>



<p class="wp-block-paragraph"><strong>Weitere Informationen gibt es unter: <a href="https://www.bbk-bundesverband.de/fileadmin/user_upload/uploads/ausschreibungen/k__nstlerstipendium_der_emsl__ndischen_landschaft_e._v._-_ausschreibung.pdf" data-type="link" data-id="https://www.kuenstlerhaus-edenkoben.de/stipendien/anwesenheitsstipendien" target="_blank" rel="noreferrer noopener">bbk-bundesverband.de</a></strong></p>
</div>



<div class="wp-block-column is-layout-flow wp-block-column-is-layout-flow" style="flex-basis:33.33%">
<p class="wp-block-paragraph" style="text-transform:uppercase"><strong>KontaKt</strong></p>



<p class="wp-block-paragraph">Geschäftsstelle der<br>Emsländischen Landschaft e. V.<br>Am Neuen Markt 1<br>49716 Meppen<br>Tel.: 05931 &#8211; 49642 &#8211; 14<br>Mail: <a href="mailto:info@emslaendische-landschaft.de" target="_blank" rel="noreferrer noopener">info(at)emslaendische-landschaft.de</a></p>



<p class="wp-block-paragraph"><strong>Deadline: 31. Juli 2026</strong></p>
</div>
</div>



<p class="wp-block-paragraph"></p>
