{"id":8511,"date":"2026-09-01T15:58:27","date_gmt":"2026-09-01T13:58:27","guid":{"rendered":"https:\/\/www.kunstbuero-bw.de\/de\/?post_type=call&#038;p=8511"},"modified":"2026-09-01T15:58:28","modified_gmt":"2026-09-01T13:58:28","slug":"deutsche-gesellschaft-fuer-photographie-12-bildungspreis-2026","status":"publish","type":"call","link":"https:\/\/www.kunstbuero-bw.de\/de\/call\/deutsche-gesellschaft-fuer-photographie-12-bildungspreis-2026\/","title":{"rendered":"DEUTSCHE GESELLSCHAFT F\u00dcR PHOTOGRAPHIE &#8211; 12. BILDUNGSPREIS 2026"},"content":{"rendered":"\n<div class=\"wp-block-columns is-layout-flex wp-container-core-columns-is-layout-1250aeed wp-block-columns-is-layout-flex\">\n<div class=\"wp-block-column is-layout-flow wp-block-column-is-layout-flow\" style=\"flex-basis:66.66%\">\n<p class=\"wp-block-paragraph\">Projekte im Bereich der Vermittlung von und mit Fotografie zu entdecken und bekannt zu machen, ist das Ziel des DGPh Bildungspreises, der von der Deutschen Gesellschaft f\u00fcr Photographie (DGPh) 2026 zum zw\u00f6lften Mal vergeben wird. Gefragt sind innovative und nachhaltige Projekte, die Fotografie als Sprache nutzen und in die Gesellschaft hineinwirken. Dazu z\u00e4hlen kultur- und museumsp\u00e4dagogische Initiativen, in denen Fotografie thematisiert oder eingesetzt wird, ebenso mediale Bildungsangebote zur Fotografie sowie schulische und au\u00dferschulische Aktivit\u00e4ten oder innovative Projekte der Hochschulen.<\/p>\n\n\n\n<p class=\"wp-block-paragraph\">F\u00fcr die Bewerbung erforderlich ist eine aussagekr\u00e4ftige Projektbeschreibung. Fotografien und eventuell vorhandene Ver\u00f6ffentlichungen in der Presse k\u00f6nnen ebenfalls beigef\u00fcgt werden. Die Einreichungen k\u00f6nnen ausschlie\u00dflich online \u00fcber das Online-Portal der DGPh eingereicht werden.<\/p>\n\n\n\n<p class=\"wp-block-paragraph\">Der Preis ist mit 3.000 Euro dotiert und versteht sich als F\u00f6rderpreis, auch f\u00fcr Projekte, die noch im Entstehen sind.\u00a0<\/p>\n\n\n\n<p class=\"wp-block-paragraph\"><strong>Weitere Informationen gibt es unter: <a href=\"https:\/\/www.dgph.de\/preise\/bildungspreis\" data-type=\"link\" data-id=\"https:\/\/www.dgph.de\/preise\/bildungspreis\" target=\"_blank\" rel=\"noopener\">dgph.de<\/a><\/strong><\/p>\n<\/div>\n\n\n\n<div class=\"wp-block-column is-layout-flow wp-block-column-is-layout-flow\" style=\"flex-basis:33.33%\">\n<p class=\"wp-block-paragraph\" style=\"text-transform:uppercase\"><strong>KontaKt<\/strong><\/p>\n\n\n\n<p class=\"wp-block-paragraph\">Deutsche Gesellschaft f\u00fcr Photographie e.V.<br>Rheingasse 8-12<br>50676 K\u00f6ln<br>Telefon: 0221\/9 23 20 69 <br>Mail: <a href=\"mailto:dgph@dgph.de\" target=\"_blank\" rel=\"noreferrer noopener\">dgph(a)dgph.de<\/a><\/p>\n\n\n\n<p class=\"wp-block-paragraph\"><strong>Deadline: 30. September 202<\/strong>6<\/p>\n<\/div>\n<\/div>\n\n\n\n<p class=\"wp-block-paragraph\"><\/p>\n","protected":false},"featured_media":3345,"template":"","tags":[29],"class_list":["post-8511","call","type-call","status-publish","has-post-thumbnail","hentry","tag-preise"],"acf":[],"_links":{"self":[{"href":"https:\/\/www.kunstbuero-bw.de\/de\/wp-json\/wp\/v2\/call\/8511","targetHints":{"allow":["GET"]}}],"collection":[{"href":"https:\/\/www.kunstbuero-bw.de\/de\/wp-json\/wp\/v2\/call"}],"about":[{"href":"https:\/\/www.kunstbuero-bw.de\/de\/wp-json\/wp\/v2\/types\/call"}],"wp:featuredmedia":[{"embeddable":true,"href":"https:\/\/www.kunstbuero-bw.de\/de\/wp-json\/wp\/v2\/media\/3345"}],"wp:attachment":[{"href":"https:\/\/www.kunstbuero-bw.de\/de\/wp-json\/wp\/v2\/media?parent=8511"}],"wp:term":[{"taxonomy":"post_tag","embeddable":true,"href":"https:\/\/www.kunstbuero-bw.de\/de\/wp-json\/wp\/v2\/tags?post=8511"}],"curies":[{"name":"wp","href":"https:\/\/api.w.org\/{rel}","templated":true}]}}

DEUTSCHE GESELLSCHAFT FÜR PHOTOGRAPHIE &#8211; 12. BILDUNGSPREIS 2026

<div class="wp-block-columns is-layout-flex wp-container-core-columns-is-layout-1250aeed wp-block-columns-is-layout-flex">
<div class="wp-block-column is-layout-flow wp-block-column-is-layout-flow" style="flex-basis:66.66%">
<p class="wp-block-paragraph">Projekte im Bereich der Vermittlung von und mit Fotografie zu entdecken und bekannt zu machen, ist das Ziel des DGPh Bildungspreises, der von der Deutschen Gesellschaft für Photographie (DGPh) 2026 zum zwölften Mal vergeben wird. Gefragt sind innovative und nachhaltige Projekte, die Fotografie als Sprache nutzen und in die Gesellschaft hineinwirken. Dazu zählen kultur- und museumspädagogische Initiativen, in denen Fotografie thematisiert oder eingesetzt wird, ebenso mediale Bildungsangebote zur Fotografie sowie schulische und außerschulische Aktivitäten oder innovative Projekte der Hochschulen.</p>



<p class="wp-block-paragraph">Für die Bewerbung erforderlich ist eine aussagekräftige Projektbeschreibung. Fotografien und eventuell vorhandene Veröffentlichungen in der Presse können ebenfalls beigefügt werden. Die Einreichungen können ausschließlich online über das Online-Portal der DGPh eingereicht werden.</p>



<p class="wp-block-paragraph">Der Preis ist mit 3.000 Euro dotiert und versteht sich als Förderpreis, auch für Projekte, die noch im Entstehen sind. </p>



<p class="wp-block-paragraph"><strong>Weitere Informationen gibt es unter: <a href="https://www.dgph.de/preise/bildungspreis" data-type="link" data-id="https://www.dgph.de/preise/bildungspreis" target="_blank" rel="noopener">dgph.de</a></strong></p>
</div>



<div class="wp-block-column is-layout-flow wp-block-column-is-layout-flow" style="flex-basis:33.33%">
<p class="wp-block-paragraph" style="text-transform:uppercase"><strong>KontaKt</strong></p>



<p class="wp-block-paragraph">Deutsche Gesellschaft für Photographie e.V.<br>Rheingasse 8-12<br>50676 Köln<br>Telefon: 0221/9 23 20 69 <br>Mail: <a href="mailto:dgph@dgph.de" target="_blank" rel="noreferrer noopener">dgph(a)dgph.de</a></p>



<p class="wp-block-paragraph"><strong>Deadline: 30. September 202</strong>6</p>
</div>
</div>



<p class="wp-block-paragraph"></p>
